{"id":14,"date":"2015-01-22T17:06:48","date_gmt":"2015-01-22T17:06:48","guid":{"rendered":"http:\/\/wptest.fichtenhein.de\/?page_id=14"},"modified":"2015-02-15T21:27:04","modified_gmt":"2015-02-15T21:27:04","slug":"die-ferienwohnungen","status":"publish","type":"page","link":"https:\/\/villa-fichtenhain.de\/?page_id=14","title":{"rendered":"Die Ferienwohnungen"},"content":{"rendered":"<p style=\"text-align: center;\"><span style=\"color: #000000; font-size: 17px;\"><strong>Kleine Ferienwohnung<\/strong><\/span><\/p>\n<p>Die kleine Ferienwohnung befindet sich im Erdgeschoss und ist mit einer Gr\u00f6\u00dfe von 38 m\u00b2 ideal geeignet f\u00fcr 2 Personen. Maximal zwei weitere Aufbettungen sind auf Anfrage nat\u00fcrlich jederzeit m\u00f6glich. Sie ist mit einem Schlafzimmer mit integrierter K\u00fcche ausgestattet.In der Wohnstube befindet sich eine ausziehbare Couch, ein Fernseher und ein Essbereich mit einem gro\u00dfen Tisch und einer Sitzecke.\u00a0Die K\u00fcche ist komplett ausgestattet mit K\u00fchlschrank, Herd, Besteck, Geschirr, Kaffeemaschine und Toaster. Au\u00dferdem befindet sich in der Wohnung ein Bad mit Dusche sowie ein separater Eingangsbereich mit Kleiderschrank.\u00a0Das Haus besitzt eine Zentralheizung. Ein Fahrzeugstellplatz ist zus\u00e4tzlich vorhanden.<\/p>\n<p>\n\n<div class=\"ngg-galleryoverview ngg-slideshow\"\n\t id=\"ngg-slideshow-133-1384940020\"\n     data-gallery-id=\"133\"\n     style=\"max-width: 500px; max-height: 350px;\">\n\n \t<div id=\"ngg-image-0\" class=\"ngg-gallery-slideshow-image\" style=\"height:350px\">\n\n        <a href=\"https:\/\/villa-fichtenhain.de\/wp-content\/gallery\/meinegalerie\/Couch.jpg\"\n           title=\"\"\n           data-src=\"https:\/\/villa-fichtenhain.de\/wp-content\/gallery\/meinegalerie\/Couch.jpg\"\n           data-thumbnail=\"https:\/\/villa-fichtenhain.de\/wp-content\/gallery\/meinegalerie\/thumbs\/thumbs_Couch.jpg\"\n           data-image-id=\"1\"\n           data-title=\"Couch\"\n           data-description=\"\"\n           class=\"ngg-fancybox\" rel=\"133\">\n\n            <img data-image-id='1'\n                 title=\"\"\n                 alt=\"Couch\"\n                 src=\"https:\/\/villa-fichtenhain.de\/wp-content\/gallery\/meinegalerie\/Couch.jpg\"\n                 style=\"max-height: 330px;\"\/>\n        <\/a>\n\n        <\/div> \n<div id=\"ngg-image-1\" class=\"ngg-gallery-slideshow-image\" style=\"height:350px\">\n\n        <a href=\"https:\/\/villa-fichtenhain.de\/wp-content\/gallery\/meinegalerie\/Eingang.jpg\"\n           title=\"\"\n           data-src=\"https:\/\/villa-fichtenhain.de\/wp-content\/gallery\/meinegalerie\/Eingang.jpg\"\n           data-thumbnail=\"https:\/\/villa-fichtenhain.de\/wp-content\/gallery\/meinegalerie\/thumbs\/thumbs_Eingang.jpg\"\n           data-image-id=\"2\"\n           data-title=\"Eingang\"\n           data-description=\"\"\n           class=\"ngg-fancybox\" rel=\"133\">\n\n            <img data-image-id='2'\n                 title=\"\"\n                 alt=\"Eingang\"\n                 src=\"https:\/\/villa-fichtenhain.de\/wp-content\/gallery\/meinegalerie\/Eingang.jpg\"\n                 style=\"max-height: 330px;\"\/>\n        <\/a>\n\n        <\/div> \n<div id=\"ngg-image-2\" class=\"ngg-gallery-slideshow-image\" style=\"height:350px\">\n\n        <a href=\"https:\/\/villa-fichtenhain.de\/wp-content\/gallery\/meinegalerie\/Kueche.jpg\"\n           title=\"\"\n           data-src=\"https:\/\/villa-fichtenhain.de\/wp-content\/gallery\/meinegalerie\/Kueche.jpg\"\n           data-thumbnail=\"https:\/\/villa-fichtenhain.de\/wp-content\/gallery\/meinegalerie\/thumbs\/thumbs_Kueche.jpg\"\n           data-image-id=\"3\"\n           data-title=\"Kueche\"\n           data-description=\"\"\n           class=\"ngg-fancybox\" rel=\"133\">\n\n            <img data-image-id='3'\n                 title=\"\"\n                 alt=\"Kueche\"\n                 src=\"https:\/\/villa-fichtenhain.de\/wp-content\/gallery\/meinegalerie\/Kueche.jpg\"\n                 style=\"max-height: 330px;\"\/>\n        <\/a>\n\n        <\/div> \n<div id=\"ngg-image-3\" class=\"ngg-gallery-slideshow-image\" style=\"height:350px\">\n\n        <a href=\"https:\/\/villa-fichtenhain.de\/wp-content\/gallery\/meinegalerie\/Schlafstube.jpg\"\n           title=\"\"\n           data-src=\"https:\/\/villa-fichtenhain.de\/wp-content\/gallery\/meinegalerie\/Schlafstube.jpg\"\n           data-thumbnail=\"https:\/\/villa-fichtenhain.de\/wp-content\/gallery\/meinegalerie\/thumbs\/thumbs_Schlafstube.jpg\"\n           data-image-id=\"4\"\n           data-title=\"Schlafstube\"\n           data-description=\"\"\n           class=\"ngg-fancybox\" rel=\"133\">\n\n            <img data-image-id='4'\n                 title=\"\"\n                 alt=\"Schlafstube\"\n                 src=\"https:\/\/villa-fichtenhain.de\/wp-content\/gallery\/meinegalerie\/Schlafstube.jpg\"\n                 style=\"max-height: 330px;\"\/>\n        <\/a>\n\n        <\/div> \n<div id=\"ngg-image-4\" class=\"ngg-gallery-slideshow-image\" style=\"height:350px\">\n\n        <a href=\"https:\/\/villa-fichtenhain.de\/wp-content\/gallery\/meinegalerie\/Wohnstube.jpg\"\n           title=\"\"\n           data-src=\"https:\/\/villa-fichtenhain.de\/wp-content\/gallery\/meinegalerie\/Wohnstube.jpg\"\n           data-thumbnail=\"https:\/\/villa-fichtenhain.de\/wp-content\/gallery\/meinegalerie\/thumbs\/thumbs_Wohnstube.jpg\"\n           data-image-id=\"5\"\n           data-title=\"Wohnstube\"\n           data-description=\"\"\n           class=\"ngg-fancybox\" rel=\"133\">\n\n            <img data-image-id='5'\n                 title=\"\"\n                 alt=\"Wohnstube\"\n                 src=\"https:\/\/villa-fichtenhain.de\/wp-content\/gallery\/meinegalerie\/Wohnstube.jpg\"\n                 style=\"max-height: 330px;\"\/>\n        <\/a>\n\n        <\/div> \n<\/div>\n\n\n\n<\/p>\n<table style=\"width: 70%; margin: 0 auto;\" align=\"center\">\n<tbody>\n<tr align=\"center\">\n<td style=\"background-color: #3791f2;\" colspan=\"2\" align=\"center\"><span style=\"color: #ffffff;\"><strong>Kleine Ferienwohnung<\/strong><\/span><\/td>\n<\/tr>\n<tr>\n<td style=\"width: 80%; text-align: left; background-color: #bad9fc;\"><span style=\"color: #000000;\"><strong>Hauptsaison<\/strong><\/span><\/td>\n<td style=\"background-color: #bad9fc;\"><span style=\"color: #000000;\"><strong>ab 55,- \u20ac<\/strong><\/span><\/td>\n<\/tr>\n<tr>\n<td style=\"width: 80%; background-color: #bad9fc;\"><span style=\"color: #000000;\"><strong>Nebensaison<\/strong><\/span><\/td>\n<td style=\"background-color: #bad9fc;\"><span style=\"color: #000000;\"><strong>ab 40,- \u20ac<\/strong><\/span><\/td>\n<\/tr>\n<\/tbody>\n<\/table>\n<p>&nbsp;<\/p>\n<p style=\"text-align: center;\"><span style=\"color: #000000; font-size: 17px;\"><strong>Gro\u00dfe Ferienwohnung<\/strong><\/span><\/p>\n<p class=\"p2\"><span class=\"s1\">Die gro\u00dfe Ferienwohnung befindet sich ebenfalls im Erdgeschoss und ist mit einer Gr\u00f6\u00dfe von 60 m\u00b2 ideal geeignet f\u00fcr bis zu 4 Personen. In der Veranda befindet sich eine Essecke sowie eine Garderobe. Der Wohnbereich mit komfortablem Sofa und Kabelfernsehen l\u00e4sst keine W\u00fcnsche offen. Eine komplett ausgestattete K\u00fcche mit Cerankochfeld steht zus\u00e4tzlich\u00a0zur Verf\u00fcgung. Das Bad komplettiert mit integrierter Badewanne das Wohlf\u00fchl-Vergn\u00fcgen. Ein Fahrzeugstellplatz ist nat\u00fcrlich auch bei der gro\u00dfen Ferienwohnung mit inbegriffen.<\/span><\/p>\n<p>\n\n<div class=\"ngg-galleryoverview ngg-slideshow\"\n\t id=\"ngg-slideshow-154-9180284580\"\n     data-gallery-id=\"154\"\n     style=\"max-width: 500px; max-height: 350px;\">\n\n \t<div id=\"ngg-image-0\" class=\"ngg-gallery-slideshow-image\" style=\"height:350px\">\n\n        <a href=\"https:\/\/villa-fichtenhain.de\/wp-content\/gallery\/grosseferienwohnung\/Bad_gr.jpg\"\n           title=\"KONICA MINOLTA DIGITAL CAMERA\"\n           data-src=\"https:\/\/villa-fichtenhain.de\/wp-content\/gallery\/grosseferienwohnung\/Bad_gr.jpg\"\n           data-thumbnail=\"https:\/\/villa-fichtenhain.de\/wp-content\/gallery\/grosseferienwohnung\/thumbs\/thumbs_Bad_gr.jpg\"\n           data-image-id=\"6\"\n           data-title=\"KONICA MINOLTA DIGITAL CAMERA\"\n           data-description=\"KONICA MINOLTA DIGITAL CAMERA\"\n           class=\"ngg-fancybox\" rel=\"154\">\n\n            <img data-image-id='6'\n                 title=\"KONICA MINOLTA DIGITAL CAMERA\"\n                 alt=\"KONICA MINOLTA DIGITAL CAMERA\"\n                 src=\"https:\/\/villa-fichtenhain.de\/wp-content\/gallery\/grosseferienwohnung\/Bad_gr.jpg\"\n                 style=\"max-height: 330px;\"\/>\n        <\/a>\n\n        <\/div> \n<div id=\"ngg-image-1\" class=\"ngg-gallery-slideshow-image\" style=\"height:350px\">\n\n        <a href=\"https:\/\/villa-fichtenhain.de\/wp-content\/gallery\/grosseferienwohnung\/Eingang_gr.jpg\"\n           title=\"KONICA MINOLTA DIGITAL CAMERA\"\n           data-src=\"https:\/\/villa-fichtenhain.de\/wp-content\/gallery\/grosseferienwohnung\/Eingang_gr.jpg\"\n           data-thumbnail=\"https:\/\/villa-fichtenhain.de\/wp-content\/gallery\/grosseferienwohnung\/thumbs\/thumbs_Eingang_gr.jpg\"\n           data-image-id=\"7\"\n           data-title=\"KONICA MINOLTA DIGITAL CAMERA\"\n           data-description=\"KONICA MINOLTA DIGITAL CAMERA\"\n           class=\"ngg-fancybox\" rel=\"154\">\n\n            <img data-image-id='7'\n                 title=\"KONICA MINOLTA DIGITAL CAMERA\"\n                 alt=\"KONICA MINOLTA DIGITAL CAMERA\"\n                 src=\"https:\/\/villa-fichtenhain.de\/wp-content\/gallery\/grosseferienwohnung\/Eingang_gr.jpg\"\n                 style=\"max-height: 330px;\"\/>\n        <\/a>\n\n        <\/div> \n<div id=\"ngg-image-2\" class=\"ngg-gallery-slideshow-image\" style=\"height:350px\">\n\n        <a href=\"https:\/\/villa-fichtenhain.de\/wp-content\/gallery\/grosseferienwohnung\/Eingang2_gr.jpg\"\n           title=\"KONICA MINOLTA DIGITAL CAMERA\"\n           data-src=\"https:\/\/villa-fichtenhain.de\/wp-content\/gallery\/grosseferienwohnung\/Eingang2_gr.jpg\"\n           data-thumbnail=\"https:\/\/villa-fichtenhain.de\/wp-content\/gallery\/grosseferienwohnung\/thumbs\/thumbs_Eingang2_gr.jpg\"\n           data-image-id=\"8\"\n           data-title=\"KONICA MINOLTA DIGITAL CAMERA\"\n           data-description=\"KONICA MINOLTA DIGITAL CAMERA\"\n           class=\"ngg-fancybox\" rel=\"154\">\n\n            <img data-image-id='8'\n                 title=\"KONICA MINOLTA DIGITAL CAMERA\"\n                 alt=\"KONICA MINOLTA DIGITAL CAMERA\"\n                 src=\"https:\/\/villa-fichtenhain.de\/wp-content\/gallery\/grosseferienwohnung\/Eingang2_gr.jpg\"\n                 style=\"max-height: 330px;\"\/>\n        <\/a>\n\n        <\/div> \n<div id=\"ngg-image-3\" class=\"ngg-gallery-slideshow-image\" style=\"height:350px\">\n\n        <a href=\"https:\/\/villa-fichtenhain.de\/wp-content\/gallery\/grosseferienwohnung\/Kueche1_gr.jpg\"\n           title=\"KONICA MINOLTA DIGITAL CAMERA\"\n           data-src=\"https:\/\/villa-fichtenhain.de\/wp-content\/gallery\/grosseferienwohnung\/Kueche1_gr.jpg\"\n           data-thumbnail=\"https:\/\/villa-fichtenhain.de\/wp-content\/gallery\/grosseferienwohnung\/thumbs\/thumbs_Kueche1_gr.jpg\"\n           data-image-id=\"9\"\n           data-title=\"KONICA MINOLTA DIGITAL CAMERA\"\n           data-description=\"KONICA MINOLTA DIGITAL CAMERA\"\n           class=\"ngg-fancybox\" rel=\"154\">\n\n            <img data-image-id='9'\n                 title=\"KONICA MINOLTA DIGITAL CAMERA\"\n                 alt=\"KONICA MINOLTA DIGITAL CAMERA\"\n                 src=\"https:\/\/villa-fichtenhain.de\/wp-content\/gallery\/grosseferienwohnung\/Kueche1_gr.jpg\"\n                 style=\"max-height: 330px;\"\/>\n        <\/a>\n\n        <\/div> \n<div id=\"ngg-image-4\" class=\"ngg-gallery-slideshow-image\" style=\"height:350px\">\n\n        <a href=\"https:\/\/villa-fichtenhain.de\/wp-content\/gallery\/grosseferienwohnung\/Kueche2_gr.jpg\"\n           title=\"KONICA MINOLTA DIGITAL CAMERA\"\n           data-src=\"https:\/\/villa-fichtenhain.de\/wp-content\/gallery\/grosseferienwohnung\/Kueche2_gr.jpg\"\n           data-thumbnail=\"https:\/\/villa-fichtenhain.de\/wp-content\/gallery\/grosseferienwohnung\/thumbs\/thumbs_Kueche2_gr.jpg\"\n           data-image-id=\"10\"\n           data-title=\"KONICA MINOLTA DIGITAL CAMERA\"\n           data-description=\"KONICA MINOLTA DIGITAL CAMERA\"\n           class=\"ngg-fancybox\" rel=\"154\">\n\n            <img data-image-id='10'\n                 title=\"KONICA MINOLTA DIGITAL CAMERA\"\n                 alt=\"KONICA MINOLTA DIGITAL CAMERA\"\n                 src=\"https:\/\/villa-fichtenhain.de\/wp-content\/gallery\/grosseferienwohnung\/Kueche2_gr.jpg\"\n                 style=\"max-height: 330px;\"\/>\n        <\/a>\n\n        <\/div> \n<div id=\"ngg-image-5\" class=\"ngg-gallery-slideshow-image\" style=\"height:350px\">\n\n        <a href=\"https:\/\/villa-fichtenhain.de\/wp-content\/gallery\/grosseferienwohnung\/Schlafzimmer_gr.jpg\"\n           title=\"KONICA MINOLTA DIGITAL CAMERA\"\n           data-src=\"https:\/\/villa-fichtenhain.de\/wp-content\/gallery\/grosseferienwohnung\/Schlafzimmer_gr.jpg\"\n           data-thumbnail=\"https:\/\/villa-fichtenhain.de\/wp-content\/gallery\/grosseferienwohnung\/thumbs\/thumbs_Schlafzimmer_gr.jpg\"\n           data-image-id=\"11\"\n           data-title=\"KONICA MINOLTA DIGITAL CAMERA\"\n           data-description=\"KONICA MINOLTA DIGITAL CAMERA\"\n           class=\"ngg-fancybox\" rel=\"154\">\n\n            <img data-image-id='11'\n                 title=\"KONICA MINOLTA DIGITAL CAMERA\"\n                 alt=\"KONICA MINOLTA DIGITAL CAMERA\"\n                 src=\"https:\/\/villa-fichtenhain.de\/wp-content\/gallery\/grosseferienwohnung\/Schlafzimmer_gr.jpg\"\n                 style=\"max-height: 330px;\"\/>\n        <\/a>\n\n        <\/div> \n<div id=\"ngg-image-6\" class=\"ngg-gallery-slideshow-image\" style=\"height:350px\">\n\n        <a href=\"https:\/\/villa-fichtenhain.de\/wp-content\/gallery\/grosseferienwohnung\/Wohnstube1_gr.jpg\"\n           title=\"KONICA MINOLTA DIGITAL CAMERA\"\n           data-src=\"https:\/\/villa-fichtenhain.de\/wp-content\/gallery\/grosseferienwohnung\/Wohnstube1_gr.jpg\"\n           data-thumbnail=\"https:\/\/villa-fichtenhain.de\/wp-content\/gallery\/grosseferienwohnung\/thumbs\/thumbs_Wohnstube1_gr.jpg\"\n           data-image-id=\"12\"\n           data-title=\"KONICA MINOLTA DIGITAL CAMERA\"\n           data-description=\"KONICA MINOLTA DIGITAL CAMERA\"\n           class=\"ngg-fancybox\" rel=\"154\">\n\n            <img data-image-id='12'\n                 title=\"KONICA MINOLTA DIGITAL CAMERA\"\n                 alt=\"KONICA MINOLTA DIGITAL CAMERA\"\n                 src=\"https:\/\/villa-fichtenhain.de\/wp-content\/gallery\/grosseferienwohnung\/Wohnstube1_gr.jpg\"\n                 style=\"max-height: 330px;\"\/>\n        <\/a>\n\n        <\/div> \n<div id=\"ngg-image-7\" class=\"ngg-gallery-slideshow-image\" style=\"height:350px\">\n\n        <a href=\"https:\/\/villa-fichtenhain.de\/wp-content\/gallery\/grosseferienwohnung\/Wohnstube2_gr.jpg\"\n           title=\"KONICA MINOLTA DIGITAL CAMERA\"\n           data-src=\"https:\/\/villa-fichtenhain.de\/wp-content\/gallery\/grosseferienwohnung\/Wohnstube2_gr.jpg\"\n           data-thumbnail=\"https:\/\/villa-fichtenhain.de\/wp-content\/gallery\/grosseferienwohnung\/thumbs\/thumbs_Wohnstube2_gr.jpg\"\n           data-image-id=\"13\"\n           data-title=\"KONICA MINOLTA DIGITAL CAMERA\"\n           data-description=\"KONICA MINOLTA DIGITAL CAMERA\"\n           class=\"ngg-fancybox\" rel=\"154\">\n\n            <img data-image-id='13'\n                 title=\"KONICA MINOLTA DIGITAL CAMERA\"\n                 alt=\"KONICA MINOLTA DIGITAL CAMERA\"\n                 src=\"https:\/\/villa-fichtenhain.de\/wp-content\/gallery\/grosseferienwohnung\/Wohnstube2_gr.jpg\"\n                 style=\"max-height: 330px;\"\/>\n        <\/a>\n\n        <\/div> \n<\/div>\n\n\n\n<\/p>\n<table style=\"width: 70%; margin: 0 auto;\" align=\"center\">\n<tbody>\n<tr>\n<td style=\"background-color: #3791f2;\" colspan=\"2\"><span style=\"color: #ffffff;\"><strong>Gro\u00dfe Ferienwohnung<\/strong><\/span><\/td>\n<\/tr>\n<tr>\n<td style=\"width: 80%; background-color: #bad9fc;\"><span style=\"color: #000000;\"><strong>Hauptsaison<\/strong><\/span><\/td>\n<td style=\"background-color: #bad9fc;\"><span style=\"color: #000000;\"><strong>ab 75,- \u20ac<\/strong><\/span><\/td>\n<\/tr>\n<tr>\n<td style=\"width: 80%; background-color: #bad9fc;\"><span style=\"color: #000000;\"><strong>Nebensaison<\/strong><\/span><\/td>\n<td style=\"background-color: #bad9fc;\"><span style=\"color: #000000;\"><strong>ab 60,- \u20ac<\/strong><\/span><\/td>\n<\/tr>\n<\/tbody>\n<\/table>\n<p>&nbsp;<\/p>\n<p style=\"text-align: left;\"><span style=\"color: #000000;\">In allen Preisen ist die Bettw\u00e4sche und ein Fahrzeugstellplatz(Au\u00dfenbereich) bereits mit inbegriffen. Preise k\u00f6nnen je nach Anzahl der G\u00e4ste variieren.<\/span><br \/>\n<span style=\"color: #000000;\"> <strong>Hauptsaison<\/strong>: 01.06.2015 &#8211; 30.09.2015<\/span><br \/>\n<span style=\"color: #000000;\"> <strong>Nebensaison<\/strong>: 01.10.2014 &#8211; 31.05.2015, 01.10.2015 &#8211; 31.05.2016<\/span><\/p>\n","protected":false},"excerpt":{"rendered":"<p>Kleine Ferienwohnung Die kleine Ferienwohnung befindet sich im Erdgeschoss und ist mit einer Gr\u00f6\u00dfe von 38 m\u00b2 ideal geeignet f\u00fcr 2 Personen. Maximal zwei weitere Aufbettungen sind auf Anfrage nat\u00fcrlich jederzeit m\u00f6glich. Sie ist mit einem Schlafzimmer mit integrierter K\u00fcche&hellip; <\/p>\n","protected":false},"author":1,"featured_media":0,"parent":0,"menu_order":3,"comment_status":"closed","ping_status":"closed","template":"","meta":{"ngg_post_thumbnail":0},"_links":{"self":[{"href":"https:\/\/villa-fichtenhain.de\/index.php?rest_route=\/wp\/v2\/pages\/14"}],"collection":[{"href":"https:\/\/villa-fichtenhain.de\/index.php?rest_route=\/wp\/v2\/pages"}],"about":[{"href":"https:\/\/villa-fichtenhain.de\/index.php?rest_route=\/wp\/v2\/types\/page"}],"author":[{"embeddable":true,"href":"https:\/\/villa-fichtenhain.de\/index.php?rest_route=\/wp\/v2\/users\/1"}],"replies":[{"embeddable":true,"href":"https:\/\/villa-fichtenhain.de\/index.php?rest_route=%2Fwp%2Fv2%2Fcomments&post=14"}],"version-history":[{"count":16,"href":"https:\/\/villa-fichtenhain.de\/index.php?rest_route=\/wp\/v2\/pages\/14\/revisions"}],"predecessor-version":[{"id":238,"href":"https:\/\/villa-fichtenhain.de\/index.php?rest_route=\/wp\/v2\/pages\/14\/revisions\/238"}],"wp:attachment":[{"href":"https:\/\/villa-fichtenhain.de\/index.php?rest_route=%2Fwp%2Fv2%2Fmedia&parent=14"}],"curies":[{"name":"wp","href":"https:\/\/api.w.org\/{rel}","templated":true}]}}